{"id":114,"date":"2021-09-22T13:02:13","date_gmt":"2021-09-22T11:02:13","guid":{"rendered":"http:\/\/cfdt13.fr\/blog\/?page_id=114"},"modified":"2024-03-13T11:55:26","modified_gmt":"2024-03-13T10:55:26","slug":"permanences-juridiques","status":"publish","type":"page","link":"https:\/\/cfdt13.fr\/blog\/permanences-juridiques\/","title":{"rendered":"PERMANENCES JURIDIQUES"},"content":{"rendered":"\n<h2 class=\"wp-block-heading\">Tous les salari\u00e9s sont concern\u00e9s !<\/h2>\n\n\n\n<p>Pour accompagner les salari\u00e9.e.s en difficult\u00e9, nous avons mis en place des <strong>permanences juridiques  \u00e0 l&rsquo;Union D\u00e9partementale et aux si\u00e8ges des diff\u00e9rentes atennes Cfdt 13 :<\/strong><\/p>\n\n\n\n<ul class=\"wp-block-list\">\n<li><strong> sur Marseille tous les mardis apr\u00e8s midi<\/strong> (sauf pendant les p\u00e9riodes des vacances scolaires). 18 rue Sainte 13001 Marseille.<br>Pour avoir un rendez-vous avec l&rsquo;un de nos conseillers juridiques, merci de nous appeler au <strong>04 91 33 40 73<\/strong> ;<\/li>\n\n\n\n<li><strong> \u00e0 la Cfdt  &#8211; Aubagne tous les jeudis de 15h00 \u00e0 18 h00<\/strong>. Avenue Elz\u00e9ard Rougier 13400 Aubagne. Pour un rendez-vous, vous pouvez appeler le<strong> 04 42 82 08 46<\/strong> <strong>ou vous rendre directement sur place<\/strong> ;<\/li>\n\n\n\n<li><strong>\u00e0 la Cfdt &#8211; Martigues tous les jeudis de 14h00 \u00e0 17h00<\/strong>. Maison des Syndicats, All\u00e9e Benoit FRACHON, 13500 Martigues. Pour un rendez-vous, vous pouvez appeler le <strong>04&nbsp;42&nbsp;42&nbsp;12&nbsp;88,<\/strong> le <strong>07&nbsp;68&nbsp;39&nbsp;29&nbsp;46<\/strong> ou envoyer un mail \u00e0 : <strong>martigues@cfdt13.fr<\/strong>. <a href=\"https:\/\/www.facebook.com\/Cfdt-UIP-Provence-Martigues-C%C3%B4te-Bleue-499708707066529\" target=\"_blank\" rel=\"noreferrer noopener\">En cliquant Ici vous pouvez les joindre sur Facebook<\/a> ;<\/li>\n\n\n\n<li><strong>\u00e0 la Cfdt Berre &#8211; l&rsquo;Etang tous les lundis de 9h00 \u00e0 16H00 (hors p\u00e9riodes de cong\u00e9s scolaires<\/strong>). R\u00e9sidence Pablo Picasso, rue Fernand L\u00e9ger, 13130 Berre -l&rsquo;Etang. Pour un rendez-vous, vous pouvez appeler le 06 64 66 93 90 ou envoyer un mail \u00e0 <strong>berre@cfdt13.fr<\/strong>. <\/li>\n\n\n\n<li><strong>\u00e0 la Cfdt Vitrolles &#8211; Maison des Syndicats. Place Nelson Mandela, BP 49 13127 Vitrolles: Permanence le lundi matin de 9h \u00e0 12h ; mercredi seulement sur rendez-vous.<\/strong> Pour prendre rdv, appeler le 06 21 93 51 00<\/li>\n<\/ul>\n\n\n\n<p><\/p>\n\n\n\n<p> <\/p>\n\n\n\n<p><\/p>\n","protected":false},"excerpt":{"rendered":"<p>Tous les salari\u00e9s sont concern\u00e9s ! Pour accompagner les salari\u00e9.e.s en difficult\u00e9, nous avons mis en place des permanences juridiques<\/p>\n","protected":false},"author":1,"featured_media":0,"parent":0,"menu_order":0,"comment_status":"closed","ping_status":"closed","template":"","meta":{"_monsterinsights_skip_tracking":false,"_monsterinsights_sitenote_active":false,"_monsterinsights_sitenote_note":"","_monsterinsights_sitenote_category":0,"footnotes":""},"class_list":["post-114","page","type-page","status-publish","hentry"],"_links":{"self":[{"href":"https:\/\/cfdt13.fr\/blog\/wp-json\/wp\/v2\/pages\/114","targetHints":{"allow":["GET"]}}],"collection":[{"href":"https:\/\/cfdt13.fr\/blog\/wp-json\/wp\/v2\/pages"}],"about":[{"href":"https:\/\/cfdt13.fr\/blog\/wp-json\/wp\/v2\/types\/page"}],"author":[{"embeddable":true,"href":"https:\/\/cfdt13.fr\/blog\/wp-json\/wp\/v2\/users\/1"}],"replies":[{"embeddable":true,"href":"https:\/\/cfdt13.fr\/blog\/wp-json\/wp\/v2\/comments?post=114"}],"version-history":[{"count":18,"href":"https:\/\/cfdt13.fr\/blog\/wp-json\/wp\/v2\/pages\/114\/revisions"}],"predecessor-version":[{"id":1368,"href":"https:\/\/cfdt13.fr\/blog\/wp-json\/wp\/v2\/pages\/114\/revisions\/1368"}],"wp:attachment":[{"href":"https:\/\/cfdt13.fr\/blog\/wp-json\/wp\/v2\/media?parent=114"}],"curies":[{"name":"wp","href":"https:\/\/api.w.org\/{rel}","templated":true}]}}