{"id":106,"date":"2021-09-22T11:24:55","date_gmt":"2021-09-22T09:24:55","guid":{"rendered":"http:\/\/cfdt13.fr\/blog\/?page_id=106"},"modified":"2021-09-22T11:24:55","modified_gmt":"2021-09-22T09:24:55","slug":"nos-valeurs","status":"publish","type":"page","link":"https:\/\/cfdt13.fr\/blog\/nos-valeurs\/","title":{"rendered":"NOS VALEURS"},"content":{"rendered":"\n<figure class=\"wp-block-image size-full\"><img loading=\"lazy\" decoding=\"async\" width=\"581\" height=\"147\" src=\"http:\/\/cfdt13.fr\/blog\/wp-content\/uploads\/2021\/09\/nuagestag-03.jpg\" alt=\"\" class=\"wp-image-107\" srcset=\"https:\/\/cfdt13.fr\/blog\/wp-content\/uploads\/2021\/09\/nuagestag-03.jpg 581w, https:\/\/cfdt13.fr\/blog\/wp-content\/uploads\/2021\/09\/nuagestag-03-300x76.jpg 300w\" sizes=\"auto, (max-width: 581px) 100vw, 581px\" \/><\/figure>\n\n\n\n<p class=\"has-white-color has-luminous-vivid-orange-background-color has-text-color has-background\"><a href=\"https:\/\/www.cfdt.fr\/portail\/nous-connaitre\/nos-valeurs\/nos-valeurs-rec_79841\" target=\"_blank\" rel=\"noreferrer noopener\">Allez \u00e0 la page conf\u00e9d\u00e9rale pour savoir plus sur les valeurs de la Cfdt<\/a><\/p>\n\n\n\n<p> <\/p>\n","protected":false},"excerpt":{"rendered":"<p>Allez \u00e0 la page conf\u00e9d\u00e9rale pour savoir plus sur les valeurs de la Cfdt<\/p>\n","protected":false},"author":1,"featured_media":0,"parent":0,"menu_order":0,"comment_status":"closed","ping_status":"closed","template":"","meta":{"_monsterinsights_skip_tracking":false,"_monsterinsights_sitenote_active":false,"_monsterinsights_sitenote_note":"","_monsterinsights_sitenote_category":0,"footnotes":""},"class_list":["post-106","page","type-page","status-publish","hentry"],"_links":{"self":[{"href":"https:\/\/cfdt13.fr\/blog\/wp-json\/wp\/v2\/pages\/106","targetHints":{"allow":["GET"]}}],"collection":[{"href":"https:\/\/cfdt13.fr\/blog\/wp-json\/wp\/v2\/pages"}],"about":[{"href":"https:\/\/cfdt13.fr\/blog\/wp-json\/wp\/v2\/types\/page"}],"author":[{"embeddable":true,"href":"https:\/\/cfdt13.fr\/blog\/wp-json\/wp\/v2\/users\/1"}],"replies":[{"embeddable":true,"href":"https:\/\/cfdt13.fr\/blog\/wp-json\/wp\/v2\/comments?post=106"}],"version-history":[{"count":1,"href":"https:\/\/cfdt13.fr\/blog\/wp-json\/wp\/v2\/pages\/106\/revisions"}],"predecessor-version":[{"id":108,"href":"https:\/\/cfdt13.fr\/blog\/wp-json\/wp\/v2\/pages\/106\/revisions\/108"}],"wp:attachment":[{"href":"https:\/\/cfdt13.fr\/blog\/wp-json\/wp\/v2\/media?parent=106"}],"curies":[{"name":"wp","href":"https:\/\/api.w.org\/{rel}","templated":true}]}}